{"id":3,"date":"2020-06-28T23:50:40","date_gmt":"2020-06-28T23:50:40","guid":{"rendered":"http:\/\/www.thebookslink.com\/store\/?page_id=3"},"modified":"2020-07-11T00:50:23","modified_gmt":"2020-07-11T05:50:23","slug":"privacy-policy","status":"publish","type":"page","link":"https:\/\/www.thebookslink.com\/store\/privacy-policy\/","title":{"rendered":"Pol\u00edtica de Privacidad"},"content":{"rendered":"<p>IMAGENCOLOR CIA. LTDA. cre\u00f3 la aplicaci\u00f3n THE BOOKS LINK\u00a0 como una aplicaci\u00f3n comercial. Este SERVICIO es provisto por IMAGENCOLOR CIA. LTDA. y est\u00e1 destinado para su uso tal como est\u00e1.<\/p>\n<p>Esta p\u00e1gina se usa para informar a los visitantes sobre nuestras pol\u00edticas con la recopilaci\u00f3n, uso y divulgaci\u00f3n de informaci\u00f3n personal si alguien decide usar nuestro servicio.<\/p>\n<p>Si elige utilizar nuestro Servicio, acepta la recopilaci\u00f3n y el uso de informaci\u00f3n en relaci\u00f3n con esta pol\u00edtica. La informaci\u00f3n personal que recopilamos se utiliza para proporcionar y mejorar el Servicio. No utilizaremos ni compartiremos su informaci\u00f3n con nadie, excepto como se describe en esta Pol\u00edtica de privacidad.<\/p>\n<p>Los t\u00e9rminos utilizados en esta Pol\u00edtica de privacidad tienen el mismo significado que en nuestros T\u00e9rminos y condiciones, a los que se puede acceder en THE BOOKS LINK a menos que se defina lo contrario en esta Pol\u00edtica de privacidad.<\/p>\n<p><strong>Recolecci\u00f3n de informaci\u00f3n y uso<\/strong><\/p>\n<p>Para una mejor experiencia, mientras usa nuestro Servicio, es posible que le solicitemos que nos brinde cierta informaci\u00f3n de identificaci\u00f3n personal, que incluye, entre otros, correo, foto. La informaci\u00f3n que solicitamos ser\u00e1 retenida por nosotros y utilizada como se describe en esta pol\u00edtica de privacidad.<\/p>\n<p>La aplicaci\u00f3n utiliza servicios de terceros que pueden recopilar informaci\u00f3n utilizada para identificarlo.<\/p>\n<p>Enlace a la pol\u00edtica de privacidad de los proveedores de servicios de terceros utilizados por la aplicaci\u00f3n<\/p>\n<ul>\n<li><a href=\"https:\/\/translate.googleusercontent.com\/translate_c?depth=1&amp;hl=en&amp;rurl=translate.google.com&amp;sl=auto&amp;sp=nmt4&amp;tl=es&amp;u=https:\/\/www.facebook.com\/about\/privacy\/update\/printable&amp;usg=ALkJrhhy3rrehGVeqgldVzgBx83_hqPS_Q\">Facebook<\/a><\/li>\n<\/ul>\n<p><strong>Dato de registro<\/strong><\/p>\n<p>Queremos informarle que cada vez que utiliza nuestro Servicio, en caso de un error en la aplicaci\u00f3n, recopilamos datos e informaci\u00f3n (a trav\u00e9s de productos de terceros) en su tel\u00e9fono llamados Datos de registro. Estos Datos de registro pueden incluir informaci\u00f3n como la direcci\u00f3n del Protocolo de Internet (\u00abIP\u00bb) de su dispositivo, el nombre del dispositivo, la versi\u00f3n del sistema operativo, la configuraci\u00f3n de la aplicaci\u00f3n cuando utiliza nuestro Servicio, la hora y la fecha de uso del Servicio y otras estad\u00edsticas .<\/p>\n<p><strong>Cookies<\/strong><\/p>\n<p>Las cookies son archivos con una peque\u00f1a cantidad de datos que se usan com\u00fanmente como identificadores \u00fanicos an\u00f3nimos. Estos se env\u00edan a su navegador desde los sitios web que visita y se almacenan en la memoria interna de su dispositivo.<\/p>\n<p>Este servicio no utiliza estas \u00abcookies\u00bb expl\u00edcitamente. Sin embargo, la aplicaci\u00f3n puede usar c\u00f3digo de terceros y bibliotecas que usan \u00abcookies\u00bb para recopilar informaci\u00f3n y mejorar sus servicios. Tiene la opci\u00f3n de aceptar o rechazar estas cookies y saber cu\u00e1ndo se env\u00eda una cookie a su dispositivo. Si elige rechazar nuestras cookies, es posible que no pueda usar algunas partes de este Servicio.<\/p>\n<p><strong>Proveedores de servicio<\/strong><\/p>\n<p>Podemos emplear a empresas e individuos de terceros debido a las siguientes razones:<\/p>\n<ul>\n<li>Para facilitar nuestro servicio;<\/li>\n<li>Para proporcionar el Servicio en nuestro nombre;<\/li>\n<li>Para realizar servicios relacionados con el Servicio; o<\/li>\n<li>Para ayudarnos a analizar c\u00f3mo se utiliza nuestro Servicio.<\/li>\n<\/ul>\n<p>Queremos informar a los usuarios de este Servicio que estos terceros tienen acceso a su Informaci\u00f3n personal. El motivo es realizar las tareas que se les asignan en nuestro nombre. Sin embargo, est\u00e1n obligados a no divulgar ni utilizar la informaci\u00f3n para ning\u00fan otro prop\u00f3sito.<\/p>\n<p><strong>Seguridad<\/strong><\/p>\n<p>Valoramos su confianza en proporcionarnos su informaci\u00f3n personal, por lo tanto, nos esforzamos por utilizar medios comercialmente aceptables para protegerla. Pero recuerde que ning\u00fan m\u00e9todo de transmisi\u00f3n por Internet o m\u00e9todo de almacenamiento electr\u00f3nico es 100% seguro y confiable, y no podemos garantizar su seguridad absoluta.<\/p>\n<p><strong>Enlaces a otros sitios<\/strong><\/p>\n<p>Este servicio puede contener enlaces a otros sitios. Si hace clic en un enlace de un tercero, ser\u00e1 dirigido a ese sitio. Tenga en cuenta que estos sitios externos no son operados por nosotros. Por lo tanto, le recomendamos encarecidamente que revise la Pol\u00edtica de privacidad de estos sitios web. No tenemos control ni asumimos ninguna responsabilidad por el contenido, las pol\u00edticas de privacidad o las pr\u00e1cticas de sitios o servicios de terceros.<\/p>\n<p><strong>Privacidad infantil<\/strong><\/p>\n<p>Estos Servicios no se dirigen a ninguna persona menor de 13 a\u00f1os. No recopilamos intencionalmente informaci\u00f3n de identificaci\u00f3n personal de ni\u00f1os menores de 13 a\u00f1os. En el caso de que descubramos que un ni\u00f1o menor de 13 a\u00f1os nos ha proporcionado informaci\u00f3n personal, la eliminamos inmediatamente de nuestros servidores. Si usted es padre o tutor y sabe que su hijo nos ha proporcionado informaci\u00f3n personal, cont\u00e1ctenos para que podamos realizar las acciones necesarias.<\/p>\n<p><strong>Cambios a esta pol\u00edtica de privacidad<\/strong><\/p>\n<p>Podemos actualizar nuestra Pol\u00edtica de privacidad de vez en cuando. Por lo tanto, se recomienda que revise esta p\u00e1gina peri\u00f3dicamente en busca de cambios. Le notificaremos cualquier cambio publicando la nueva Pol\u00edtica de privacidad en esta p\u00e1gina. Estos cambios son efectivos inmediatamente despu\u00e9s de su publicaci\u00f3n en esta p\u00e1gina.<\/p>\n<p><strong>Pagos<\/strong><\/p>\n<p>Aceptamos pagos mediante PayPal. Al procesar pagos algunos de tus datos se pasar\u00e1n a PayPal, incluida la informaci\u00f3n requerida para procesar o dar soporte al pago, tales como el total de la compra y la informaci\u00f3n de facturaci\u00f3n.<\/p>\n<p>Por favor, revisa la <a href=\"https:\/\/www.paypal.com\/es\/webapps\/mpp\/ua\/privacy-full\">pol\u00edtica de privacidad de PayPal<\/a> para m\u00e1s detalles.<\/p>\n<p><strong>Acceso informaci\u00f3n<\/strong><\/p>\n<p>Los miembros de nuestro equipo tienen acceso a la informaci\u00f3n que nos ofreces. Por ejemplo, los administradores y gestores de tienda pueden acceder:<\/p>\n<ul>\n<li>La informaci\u00f3n de pedidos, como qu\u00e9 se compr\u00f3, cu\u00e1ndo se compr\u00f3 y d\u00f3nde se deber\u00eda enviar, y<\/li>\n<li>La informaci\u00f3n de cliente, como tu nombre, direcci\u00f3n de correo electr\u00f3nico, y la informaci\u00f3n de facturaci\u00f3n y env\u00edo.<\/li>\n<\/ul>\n<p>Los miembros de nuestro equipo tienen acceso a esta informaci\u00f3n para ayudar a completar pedidos, procesar reembolsos y darte soporte.<\/p>\n<p><strong>Compras<\/strong><\/p>\n<p>Cuando nos compras algo te pedimos que facilites informaci\u00f3n que incluye tu nombre, direcci\u00f3n de facturaci\u00f3n, direcci\u00f3n de env\u00edo, direcci\u00f3n de correo electr\u00f3nico, n\u00famero de tel\u00e9fono, detalles de la tarjeta de cr\u00e9dito\/pago e informaci\u00f3n adicional opcional como el nombre de usuario y la contrase\u00f1a. Usaremos esta informaci\u00f3n para prop\u00f3sitos como:<\/p>\n<ul>\n<li>Enviarte informaci\u00f3n sobre tu cuenta y pedido<\/li>\n<li>Responder a tus solicitudes, incluidos reembolsos y reclamaciones<\/li>\n<li>Procesar pagos y evitar el fraude<\/li>\n<li>Configurar tu cuenta para nuestra tienda<\/li>\n<li>Cumplir con cualquier obligaci\u00f3n legal que tengamos, como c\u00e1lculos de impuestos<\/li>\n<li>Mejorar las ofertas de nuestra tienda<\/li>\n<li>Enviarte mensajes promocionales, si eliges recibirlos<\/li>\n<\/ul>\n<p>Si creas una cuenta almacenaremos tu nombre, direcci\u00f3n, correo electr\u00f3nico y n\u00famero de tel\u00e9fono, lo que usaremos para el proceso de pago y futuros pedidos.<\/p>\n<p>Normalmente almacenamos informaci\u00f3n sobre ti durante el tiempo que necesitemos la informaci\u00f3n para los prop\u00f3sitos para los que la recopilamos y usamos, y no estemos legalmente obligados a seguir guard\u00e1ndola. Por ejemplo, almacenaremos informaci\u00f3n de los pedidos durante 12 meses para prop\u00f3sitos de impuestos y contabilidad. Esto incluye tu nombre, direcci\u00f3n de correo electr\u00f3nico y direcciones de facturaci\u00f3n y env\u00edo.<\/p>\n<p>Tambi\u00e9n almacenamos comentarios o valoraciones, si eliges dejarlos.<\/p>\n<p><strong>Cont\u00e1ctenos<\/strong><\/p>\n<p>Si tiene alguna pregunta o sugerencia sobre nuestra Pol\u00edtica de privacidad, no dude en contactarnos en ventas@thebookslink.com.<\/p>\n<p>&nbsp;<\/p>\n","protected":false},"excerpt":{"rendered":"<p>IMAGENCOLOR CIA. LTDA. cre\u00f3 la aplicaci\u00f3n THE BOOKS LINK\u00a0 como una aplicaci\u00f3n comercial. Este SERVICIO es provisto por IMAGENCOLOR CIA. LTDA. y est\u00e1 destinado para su uso tal como est\u00e1. Esta p\u00e1gina se usa para informar a los visitantes sobre nuestras pol\u00edticas con la recopilaci\u00f3n, uso y divulgaci\u00f3n de informaci\u00f3n personal si alguien decide usar [&hellip;]<\/p>\n","protected":false},"author":1,"featured_media":0,"parent":0,"menu_order":0,"comment_status":"closed","ping_status":"open","template":"","meta":{"footnotes":""},"class_list":["post-3","page","type-page","status-publish","hentry","entry","wvn-thumbs-layout-horizontal","wvn-btn-normal","wvn-tabs-layout-horizontal","has-no-thumbnails","circle-sale"],"jetpack_sharing_enabled":true,"_links":{"self":[{"href":"https:\/\/www.thebookslink.com\/store\/wp-json\/wp\/v2\/pages\/3","targetHints":{"allow":["GET"]}}],"collection":[{"href":"https:\/\/www.thebookslink.com\/store\/wp-json\/wp\/v2\/pages"}],"about":[{"href":"https:\/\/www.thebookslink.com\/store\/wp-json\/wp\/v2\/types\/page"}],"author":[{"embeddable":true,"href":"https:\/\/www.thebookslink.com\/store\/wp-json\/wp\/v2\/users\/1"}],"replies":[{"embeddable":true,"href":"https:\/\/www.thebookslink.com\/store\/wp-json\/wp\/v2\/comments?post=3"}],"version-history":[{"count":1,"href":"https:\/\/www.thebookslink.com\/store\/wp-json\/wp\/v2\/pages\/3\/revisions"}],"predecessor-version":[{"id":59005,"href":"https:\/\/www.thebookslink.com\/store\/wp-json\/wp\/v2\/pages\/3\/revisions\/59005"}],"wp:attachment":[{"href":"https:\/\/www.thebookslink.com\/store\/wp-json\/wp\/v2\/media?parent=3"}],"curies":[{"name":"wp","href":"https:\/\/api.w.org\/{rel}","templated":true}]}}